22
110220 (base 4) to base 14
6a4
What is 699 (base 11) in base 15?
3a9
c2d2 (base 15) to base 8
120273
What is -165 (base 11) in base 5?
-1232
Convert -3487 (base 16) to base 13.
-6175
Convert 174c (base 13) to base 4.
311310
What is 1889a (base 13) in base 3?
2102022120
-273a (base 16) to base 10
-10042
11001100 (base 2) to base 7
411
434 (base 8) to base 16
11c
b025 (base 13) to base 6
304010
Convert 10bb (base 12) to base 3.
2120022
Convert -441 (base 9) to base 10.
-361
Convert 1b71 (base 13) to base 5.
113043
What is -10411 (base 6) in base 5?
-21242
Convert 13314 (base 10) to base 2.
11010000000010
Convert -91b (base 14) to base 16.
-6fd
What is -1011112111 (base 3) in base 16?
-59ce
What is -11200 (base 7) in base 4?
-230122
What is -4738 (base 10) in base 8?
-11202
-1006 (base 10) to base 6
-4354
What is 21640 (base 7) in base 16?
155b
Convert -10 (base 12) to base 15.
-c
What is -360 (base 11) in base 2?
-110101101
-a3a5 (base 12) to base 8
-42655
What is 10221012011 (base 3) in base 13?
2930b
810 (base 13) to base 12
959
What is -120020 (base 4) in base 12?
-a88
What is 21155 (base 6) in base 11?
2188
a141 (base 12) to base 11
12145
-23a (base 15) to base 4
-13321
3314 (base 6) to base 7
2143
What is -11455 (base 6) in base 14?
-88b
-4126 (base 9) to base 3
-11010220
Convert -21013301 (base 4) to base 11.
-26085
Convert 1072 (base 15) to base 2.
110110011010
Convert 254 (base 11) to base 10.
301
Convert -25a (base 13) to base 3.
-120022
What is 2a0 (base 12) in base 11?
341
Convert 201000 (base 3) to base 2.
1000000001
-424111 (base 5) to base 14
-52c1
-659 (base 11) to base 10
-790
Convert 772 (base 11) to base 15.
41b
Convert -136 (base 16) to base 6.
-1234
What is 2d1 (base 14) in base 8?
1077
Convert de (base 16) to base 12.
166
Convert 30010 (base 7) to base 15.
220a
What is -60b (base 15) in base 9?
-1772
What is 1020101 (base 3) in base 8?
1605
What is -57012 (base 9) in base 7?
-215360
Convert 349 (base 15) to base 7.
2112
What is 2385 (base 11) in base 7?
12043
What is 65326 (base 7) in base 9?
24307
13304 (base 5) to base 12
75b
Convert 544 (base 12) to base 4.
30010
31031 (base 5) to base 3
2202200
156246 (base 8) to base 13
1c931
Convert -3472 (base 11) to base 10.
-4556
-66b (base 14) to base 2
-10011110111
What is -331 (base 10) in base 13?
-1c6
Convert 226c (base 15) to base 13.
3429
Convert -c70c (base 13) to base 10.
-27559
-6734 (base 13) to base 14
-5372
Convert -14240 (base 5) to base 7.
-3325
5cc2 (base 15) to base 13
8cba
Convert 7451 (base 11) to base 10.
9857
Convert -506 (base 13) to base 6.
-3535
Convert 15a6 (base 11) to base 14.
a68
133 (base 8) to base 15
61
Convert -6207 (base 14) to base 7.
-100110
What is -111400 (base 5) in base 10?
-3975
21322121 (base 4) to base 7
226241
What is 10000011 (base 2) in base 8?
203
984 (base 12) to base 2
10101110100
-124612 (base 7) to base 13
-a7a1
What is -1209 (base 11) in base 10?
-1582
-1a49 (base 11) to base 2
-101000100010
Convert -1540 (base 8) to base 13.
-516
Convert -593 (base 11) to base 15.
-322
Convert 3d67 (base 14) to base 12.
635b
Convert -10110101100 (base 2) to base 8.
-2654
Convert 3644 (base 7) to base 2.
10101001011
-2655 (base 9) to base 15
-8ce
Convert 1111011100 (base 2) to base 7.
2611
Convert 213442 (base 5) to base 13.
3481
Convert 1983 (base 10) to base 7.
5532
-49c (base 15) to base 14
-54b
What is 780 (base 10) in base 4?
30030
Convert -1011020100 (base 3) to base 7.
-123246
Convert 5050 (base 16) to base 2.
101000001010000
241 (base 5) to base 13
56
Convert 1110101 (base 2) to base 10.
117
What is d5b (base 16) in base 13?
1730
What is a (base 15) in base 8?
12
Convert -508 (base 14) to base 3.
-1100121
3156 (base 8) to base 12
b52
-2000212211 (base 3) to base 16
-9c49
Convert 6443 (base 11) to base 7.
33555
-979 (base 15) to base 5
-32024
Convert -bc7 (base 14) to base 10.
-2331
What is 100011100 (base 2) in base 11?
239
-135 (base 8) to base 3
-10110
Convert 1766 (base 8) to base 11.
842
-6906 (base 10) to base 3
-100110210
Convert -137 (base 12) to base 10.
-187
Convert -252b (base 15) to base 7.
-32036
-3412 (base 9) to base 3
-10110102
What is -1320c (base 14) in base 10?
-47052
Convert -1020030 (base 4) to base 5.
-121440
3209 (base 13) to base 10
6938
What is -17128 (base 9) in base 15?
-374b
What is 11000100011 (base 2) in base 7?
4403
What is -3255 (base 13) in base 3?
-100121020
89b9 (base 14) to base 8
56507
What is 1667 (base 12) in base 8?
5157
What is 443 (base 11) in base 9?
650
20d (base 15) to base 4
13033
Convert 23210 (base 4) to base 16.
2e4
Convert 100022120 (base 3) to base 2.
1101010001000
Convert -166 (base 9) to base 2.
-10001101
Convert 15214 (base 10) to base 4.
3231232
What is -48424 (base 10) in base 2?
-1011110100101000
1101000111 (base 2) to base 6
3515
What is -10cd (base 14) in base 15?
-d00
-150441 (base 6) to base 13
-6748
What is -66 (base 15) in base 10?
-96
1a5 (base 11) to base 10
236
Convert -109 (base 11) to base 14.
-94
-d16 (base 16) to base 6
-23302
-e6 (base 15) to base 16
-d8
Convert 2037 (base 11) to base 10.
2702
Convert -13540 (base 6) to base 15.
-983
What is -1011100001000 (base 2) in base 11?
-4480
Convert 736 (base 14) to base 13.
853
-121136 (base 8) to base 2
-1010001001011110
Convert 4244 (base 5) to base 10.
574
224 (base 15) to base 8
744
Convert -263414 (base 7) to base 8.
-140150
b66 (base 13) to base 11
1507
What is -1e8 (base 15) in base 5?
-3233
-7516 (base 9) to base 12
-3243
Convert 111110101 (base 2) to base 9.
616
22211 (base 3) to base 2
11101110
What is 101110100111010 (base 2) in base 3?
1012201221
What is -197 (base 11) in base 14?
-123
Convert 324 (base 10) to base 13.
1bc
What is 25188 (base 10) in base 11?
17a19
What is -1c459 (base 13) in base 11?
-38914
What is 768 (base 12) in base 14?
57a
1552 (base 7) to base 8
1161
7204 (base 10) to base 7
30001
304 (base 11) to base 9
447
What is -355404 (base 7) in base 12?
-31299
-111523 (base 6) to base 11
-7141
Convert -32 (base 8) to base 12.
-22
What is 398 (base 14) in base 5?
10342
-667 (base 9) to base 6
-2311
-280 (base 14) to base 15
-239
Convert 10242 (base 5) to base 7.
2014
What is 3156 (base 7) in base 8?
2137
Convert -2320 (base 4) to base 2.
-10111000
Convert 3223 (base 7) to base 12.
7b4
-28669 (base 10) to base 2
-110111111111101
What is -2171 (base 12) in base 3?
-12001111
Convert -122101102 (base 3) to base 16.
-3182
10000101101 (base 2) to base 11
892
What is -16112 (base 10) in base 13?
-7445
What is -87 (base 15) in base 16?
-7f
-10503 (base 8) to base 5
-120134
Convert 266 (base 10) to base 13.
176
What is -294 (base 15) in base 2?
-1001001101
What is -12102101 (base 3) in base 4?
-331300
100210 (base 3) to base 15
129
Convert 532 (base 10) to base 11.
444
What is -100111100 (base 2) in base 9?
-381
Convert -1112022 (base 4) to base 14.
-201c
Convert -296 (base 11) to base 4.
-11123
Convert 75 (base 11) to base 7.
145
Convert -ac13 (base 15) to base 8.
-107164
-c3a9 (base 13) to base 10
-27010
Convert 2bbc (base 16) to base 7.
44433
What is 120233 (base 4) in base 12?
abb
-1000210002 (base 3) to base 11
-14241
-1825 (base 11) to base 15
-a51
Convert -202 (base 4) to base 10.
-34
720 (base 8) to base 6
2052
Convert -5070 (base 12) to base 10.
-8724
Convert -10710 (base 12) to base 2.
-101010011111100
Convert 1141 (base 6) to base 5.
2102
What is 8174 (base 11) in base 13?
4c28
What is -20125 (base 7) in base 14?
-1abc
32432 (base 5) to base 13
1036
5657 (base 10) to base 8
13031
What is -34143 (base 5) in base 14?
-c51
-79b (base 13) to base 12
-913
What is b14 (base 14) in base 9?
2875
Convert -4e15 (base 15) to base 10.
-16670
Convert 54 (base 16) to base 9.
103
What is 651 (base 8) in base 6?
1545
What is -1010101011011 (base 2) in base 3?
-21111111
-1212 (base 4) to base 12
-86
What is 1121122 (base 3) in base 4?
102122
Convert b2 (base 13) to base 2.
10010001
What is 12853 (base 11) in base 10?
18329
Convert -5045 (base 6) to base 7.
-3143
Convert 74a (base 16) to base 4.
131022
Convert 991 (base 12) to base 5.
21110
What is 15385 (base 9) in base 3?
112102212
Convert 42422 (base 5) to base 12.
17a6
31e2 (base 16) to base 5
402040
Convert -11001000111101 (base 2) to base 16.
-323d
Convert 6